Let g(q) = c*n(q) + 8*f(q). Suppose 56*j - 51*j = 0. Calculate g(j).
8
Suppose -12*u + 17*u = -90. Let v be u + 10 + 4/1. Let x(r) = r**2 + 4*r - 2. Give x(v).
-2
Let v(j) = -j - 16. Let q = -223 - -211. Give v(q).
-4
Let l be (132/(-77))/(4/(-14)). Suppose 2*u - 4*u - 4*j = 4, u = -4*j - l. Let f = u + -4. Let t(o) = -2*o**3 - 3*o**2 - 4*o - 3. Give t(f).
9
Let o(u) = 3*u - 1. Let l(z) = z**3 - 3*z**2 - 5*z + 6. Let j be l(4). Let d be 4 + ((-2)/5)/((-6)/(-15)). Suppose 0 = -f - j*f + d. Determine o(f).
2
Let p(s) = -4*s**2 - 3*s - 10. Let f(x) = -7*x**2 - 6*x - 19. Let i be -11*(-1 + (2 - 0)). Let d(o) = i*p(o) + 6*f(o). Determine d(3).
5
Let h(f) = 5*f**2 - f + 1. Let j(o) = -o + 3. Let l be j(3). Let u be 1*l*(-3)/(-6). Suppose 0 = -s + 1 - u. Calculate h(s).
5
Let a(d) = 6*d - 179. Let c be a(30). Let y(w) be the second derivative of 7*w**5/20 - w**3/6 + w**2/2 - 2*w. Give y(c).
7
Let i(o) = o**3 + 0*o**2 - 6*o**2 - 1 + 0*o**3. Let k be (-30)/(-3)*((-9)/6 + 2). Determine i(k).
-26
Suppose 4*b = j + 115, b + 2*b - 2*j = 90. Suppose b - 4 = -3*l. Let t = l - -9. Let r(s) = 6*s**3 - s**2 + s - 1. Determine r(t).
5
Let x(j) be the first derivative of -5 - 8 - 18*j**2 + 4*j + 16*j**2. Calculate x(4).
-12
Suppose -3*l = -5*l + 16. Suppose 7*v - l*v = 4. Let z(g) = g**3 + 4*g**2 - 4. Calculate z(v).
-4
Let x(o) = 2*o + 2. Let t be 5/(-2)*12/10. Give x(t).
-4
Let v be (-10)/(-4)*(-4 + 6). Let w be v/(1/((-8)/(-20))). Let q(k) = -3 + w*k - 2 - 3*k. Determine q(0).
-5
Let b = 23 - 24. Let j(f) = -29*f**3 - 9*f**2 - 9*f + 9. Let r(w) = -7*w**3 - 2*w**2 - 2*w + 2. Let t(y) = -4*j(y) + 18*r(y). Give t(b).
10
Let z(j) = -4*j**2 + 36*j + 9. Let t be z(9). Let l(a) = -a**3 + 10*a**2 - 10*a + 12. Calculate l(t).
3
Suppose 6*v + 20 = v. Let a(x) = -7*x**2 + 6*x - 2. Let s(h) = -15*h**2 + 14*h - 4. Let n(o) = -13*a(o) + 6*s(o). Determine n(v).
-6
Let x(t) = -t**3 + 2*t**2 + 10*t - 4. Suppose 4*b = -3*z + 29 - 1, 3*b = 4*z - 4. Calculate x(z).
4
Let h be -8 + 1 + (-11 - -14). Let j(f) = 3*f + 6. Calculate j(h).
-6
Let v = 3 + 1. Suppose -4*n = v*u + u - 27, 2*n = 3*u - 3. Let r(d) = -2*d + 2. Calculate r(u).
-4
Let g(f) = -f**2 - 2*f + 4. Suppose 5*z = 2*u - 22 - 22, -26 = 4*z + 3*u. Let v(d) = d - 6. Let l be v(z). Let w be (l/(-21))/((-1)/6). What is g(w)?
-4
Let t(z) = z**3 + 8*z**2 + z + 3. Let r(k) = -2*k - 8. Let d(m) = -3*m - 8. Let b(q) = 4*d(q) - 5*r(q). Let p be b(8). Give t(p).
-5
Suppose 2*j + 4*j - 18 = 0. Let i be 4 - j*(-6)/9. Let w(v) = -i*v + 4*v**2 + v**3 + 1 - v**2 - 7. Determine w(-4).
2
Let u(y) = -y**3 - 2 - 8*y - 65*y**2 + 57*y**2 - 2 + 0. Calculate u(-7).
3
Let x(v) = v + 13. Let l be (3/(-4))/((-2)/(-16)). Give x(l).
7
Let x(p) = -4*p + 7. Let d be (-3*(-28)/10)/(38/95). Suppose -4*m - 4*u + 26 = -u, -2*u - d = -5*m. Calculate x(m).
-13
Let i(g) be the third derivative of g**4/8 + g**3 + 61*g**2. Give i(0).
6
Let l(s) be the second derivative of -s**3/2 - s**2/2 + 57*s. Determine l(2).
-7
Suppose -t = l - 6, 45*l + 4*t - 20 = 43*l. Let a(y) be the third derivative of 5/24*y**4 + 0*y + 0 + 4*y**l + y**3 + 1/60*y**5. Give a(-5).
6
Let s(z) = -2*z - 2. Let u(a) = -5*a**3 - 13*a**2 + 7*a - 4. Let m(c) = c**2 + 9*c**3 - 9*c**3 + c**3. Let d(v) = 6*m(v) + u(v). Let g be d(6). Calculate s(g).
-6
Let m(y) = 43*y - 49*y - 29*y**2 + 4 + 28*y**2. Determine m(-7).
-3
Let u(h) = 14*h**3 - 4*h**2 - 2*h + 3. Let z(p) = -5*p**3 + p**2 + p - 1. Let y(k) = 3*u(k) + 8*z(k). Let d be y(2). Let t(v) = -v**2 + 7*v - 5. Give t(d).
5
Let w = -24 + 8. Let v(z) = -z**2 - 17*z - 10. Determine v(w).
6
Suppose -5*b = 2 - 7. Let z(o) = 3*o - 3*o - 2*o + b + 4*o - o**2. Let d = 15 - 13. Give z(d).
1
Let p = 84 - 78. Let i(f) = 0*f - f + 5 + f**3 - 8*f**2 - p*f + 6*f. Determine i(8).
-3
Let y = 26 + -24. Let w(p) = -5 - 3*p + 5*p**2 + 7*p - p**y - 5*p**2. What is w(6)?
-17
Let v = 170 - 175. Let c(s) = -2*s**2 - 9*s - 3. Let a(k) = -k**2 - 5*k - 2. Let y(b) = -9*a(b) + 4*c(b). Give y(v).
-14
Let h(w) = w**3 + 13*w**2 - 6*w - 15. Let m(o) = -o**3 - 13*o**2 + 5*o + 15. Let i(k) = 5*h(k) + 6*m(k). Calculate i(-13).
15
Suppose -6 = -0*t - 3*t. Let g(o) = 7*o**2 - 3*o - 3. Suppose -3*f + 13 = -2. Let l(b) = -10*b**2 + 4*b + 4. Let s(n) = f*l(n) + 7*g(n). Give s(t).
-7
Let q(h) be the second derivative of -h**5/40 + h**4/8 - 5*h**3/3 + 2*h. Let x(a) be the second derivative of q(a). What is x(3)?
-6
Let z(f) = -2*f**2 + 2*f + 3. Let s(k) = -2*k - 5. Let d be s(0). Let x(v) = 4*v + 18. Let l be x(d). What is z(l)?
-9
Let x(p) be the first derivative of -p**4/4 - 5*p**3/3 + 7*p**2/2 + 89. Give x(-6).
-6
Let m(u) be the first derivative of 0*u - u**2 + 4 + 2/3*u**3. Calculate m(2).
4
Suppose r = -3*z + 20, -2 + 6 = z. Let p(q) = q**2 - 8*q + 12. Calculate p(r).
12
Let t(a) = -a**2 + 2*a + 3. Suppose 4*r = 1 + 3. Let v = r + 1. Suppose 6 = -v*h + 4*h. Give t(h).
0
Let y(u) = -u + 1. Let p(i) = -4*i + 23. Let m(o) = p(o) - 5*y(o). Let d be m(-13). Let v(t) = -t - 7. Determine v(d).
-12
Let a(k) = -2 - 10*k + 3 + 20*k. Let t be 6/2 + -1 + 2. Suppose -2*y - 3*y + 3*i = t, -4*y + 1 = -i. Give a(y).
11
Let w = -16 + 18. Let u(m) = -m**w - m**3 - 10 + 1 + m**2 + 5*m**2 + 8*m. Give u(6).
3
Let r(i) be the first derivative of 6*i - 5/3*i**3 - 11 - 3/2*i**2 + 1/4*i**4. Determine r(5).
-9
Let t(n) = -n**3 - 2*n**2 + 5*n - 2. Let s(h) = h - 4. Suppose 4 = 3*j + 13. Let c(y) = y**3 + 3*y**2. Let f be c(j). Let i be s(f). Calculate t(i).
10
Let g(t) = -t + 17. Let c be ((-18)/30 + -2)*(-1 - 4). Determine g(c).
4
Let t(h) be the first derivative of h**4/24 - h**3/2 - 4*h**2 - 5. Let b(d) be the second derivative of t(d). What is b(-3)?
-6
Let n(o) be the second derivative of o**4/12 + 2*o - 43. Give n(-4).
16
Let d(l) = l**2 - l - 10. Let h be d(0). Let m be ((-8)/h)/((-6)/(-15)). Let a(o) = -3*o + o - 2 + 7*o**3 - 2*o**3 - o**m - 6*o**3. Calculate a(-2).
6
Let y(d) be the first derivative of d**4/4 - 13*d**3/3 + 6*d**2 - 9*d + 82. Calculate y(12).
-9
Suppose 18*w - 18 = 9*w. Let l(d) = d**2 - 3*d + 5. Give l(w).
3
Suppose 152*k - 24 = 149*k. Let h(x) = 9 - 10 + 7*x**2 + 11*x - 11 - x**3. What is h(k)?
12
Let k(n) = -8*n**2 - 5*n**2 - 6*n - n**3 + 10*n**2 - 3 - 4*n**2. What is k(-4)?
-27
Let t(r) = -3*r**2 - 2*r + 6. Let o(j) = 2*j**2 + 3*j - 5. Let w(h) = 4*o(h) + 3*t(h). Suppose -26*i = 3*i - 116. What is w(i)?
6
Suppose 2*x + 13 = 5*i, 10 = 2*x + 2*i + 2. Let j(h) = -3*h - 2*h + h**3 - 2*h**3 - 5*h**2 - x + h. Let y = -5 + 1. Determine j(y).
-1
Let m(h) = h**2 + 9*h - 16. Let u be m(-11). Let k(g) = -1 - g + 0*g + u. Suppose j = 5*z + 4, j + 0 - 4 = z. Give k(j).
1
Let b(v) = -5*v - 16. Suppose 235*l - 21 = 238*l. Calculate b(l).
19
Let o be (-61)/(-3) - -1 - 2/(-3). Let l(h) = 21 + 2*h - h - o. Calculate l(3).
2
Let h = -10 - -7. Let d be -22 + 25 + 1*2. Let b(l) = 4*l**2 + 15*l + 4. Let q(u) = 2*u**2 + 8*u + 2. Let v(n) = d*q(n) - 3*b(n). What is v(h)?
-5
Let s(z) = 2*z**2 - 3*z - 3. Let p = 540 - 536. What is s(p)?
17
Let f = -22 - 3. Let c = f - -28. Let u(x) = -x**3 - 2 - 2*x**2 - 4*x**2 + c*x**2 - x**2 - 2*x. Calculate u(-4).
6
Let v(s) be the third derivative of 11*s**5/60 + s**4/24 - 166*s**2. Determine v(1).
12
Let k(f) = 10*f**2 + f - 2. Let w(a) = -4*a**2 + 18*a + 37. Let q be w(6). What is k(q)?
9
Suppose 14*y + 83 = -1. Let t(w) = -w**2 - 6*w + 10. What is t(y)?
10
Let p(i) be the second derivative of 9*i + 0 + 1/6*i**3 + i**2. What is p(8)?
10
Let d(f) = 7*f - 64*f**2 + 124*f**2 + 2 - 59*f**2 - f. What is d(-5)?
-3
Let h(r) be the second derivative of -2*r**3/3 + r**2 - 3*r. Let z(d) = -d**3 - 5*d**2 - 10*d - 26. Let m be z(-4). Determine h(m).
10
Let i = 1 + 2. Suppose -8 = -2*s, -6*g - 2 = -i*g - 2*s. Let n(j) = j - j**2 - 2 - 2*j**2 + 2 + 1 + j**3. What is n(g)?
-1
Let h(t) = -2*t + 11 + 9 + 18 - 33. Give h(0).
5
Let h(n) be the first derivative of n**4/4 + 2*n**3 + 3*n**2/2 - 7*n - 3. Let b be h(-5). Let f(g) = g - 3*g + 25 - 23. Give f(b).
-4
Let m(o) = 10*o**3 + o**2 - 2*o + 1. Let q be m(1). Suppose -q*w = -14*w + 28. Let k(u) = u**3 - 8*u**2 + 8*u - 3. What is k(w)?
4
Let g(w) = -7 + 10*w**2 - 2*w**3 - 2*w**3 + 4*w**3 - 8*w**2 - 2*w - w**3. Determine g(3).
-22
Let v(d) = -3*d**2 + 4*d - 1. Let w be 1/4 + 195/52 - -3. Suppose -8 = -4*f + 2*i, 3*f - w = i - 0. 